 264 a factor of 11209704?
True
Is 55 a factor of 2926412764?
False
Is 772024747 a multiple of 2644?
False
Does 86 divide 18045267?
False
Is 18021081 a multiple of 13?
True
Is 3810981640 a multiple of 145?
True
Does 13 divide 412844633?
False
Is 47 a factor of 3167299638?
True
Is 66 a factor of 26771305?
False
Is 2278 a factor of 351748258?
True
Is 32705409 a multiple of 28?
False
Is 2152188 a multiple of 191?
True
Is 123321889 a multiple of 257?
False
Is 5908 a factor of 1639085868?
False
Is 72 a factor of 39681804?
False
Is 886 a factor of 424367420?
True
Is 423 a factor of 442035319?
False
Is 130635657 a multiple of 567?
False
Does 37 divide 356093792?
False
Is 858 a factor of 131451606?
True
Is 1001 a factor of 421876455?
True
Is 1933 a factor of 480604357?
False
Does 41 divide 14624618?
True
Does 899 divide 3374550229?
True
Does 23 divide 47123090?
True
Does 43 divide 3456966407?
False
Does 11 divide 6024004?
False
Does 111 divide 279224052?
True
Does 66 divide 89834722?
False
Is 480 a factor of 2793908350?
False
Is 51152215 a multiple of 117?
False
Is 2196803679 a multiple of 18?
False
Does 283 divide 25756113?
True
Is 739856618 a multiple of 774?
False
Is 3629403 a multiple of 159?
False
Does 1732 divide 32153119?
False
Is 190 a factor of 49669097?
False
Is 307242152 a multiple of 14?
True
Is 22 a factor of 15909944?
False
Does 173 divide 2921797?
True
Is 6979 a factor of 587237733?
False
Is 9875 a factor of 1946793790?
False
Does 69 divide 27107547?
True
Does 151 divide 49628982?
False
Does 421 divide 14385333?
False
Does 1672 divide 802698776?
True
Is 80 a factor of 3110621440?
True
Is 826817671 a multiple of 2892?
False
Is 8566976 a multiple of 688?
True
Is 2605 a factor of 673686865?
True
Does 572 divide 113731533?
False
Does 4308 divide 548985672?
True
Is 22 a factor of 25104004?
False
Is 724439521 a multiple of 17?
False
Is 691410 a multiple of 38?
True
Is 14828398 a multiple of 38?
True
Does 18 divide 9804150?
True
Is 2787 a factor of 53601130?
False
Is 12 a factor of 222923772?
True
Does 12 divide 117821208?
True
Is 8186267 a multiple of 573?
False
Does 1192 divide 124691544?
True
Does 155 divide 147593999?
False
Is 210 a factor of 85412197?
False
Does 226 divide 688981114?
True
Is 441521196 a multiple of 392?
False
Is 13 a factor of 51768028?
True
Is 1499456569 a multiple of 559?
True
Does 175 divide 55454751?
False
Does 1274 divide 32922708?
True
Does 18 divide 35672580?
True
Does 1580 divide 2687650954?
False
Is 133 a factor of 5248978?
True
Does 9 divide 215431?
False
Does 16 divide 5251024?
True
Is 20313110 a multiple of 59?
True
Is 68852550 a multiple of 3315?
True
Does 36 divide 130812893?
False
Is 2192948595 a multiple of 390?
False
Is 16915603 a multiple of 23?
True
Is 141 a factor of 8833086?
True
Is 1093536192 a multiple of 224?
True
Is 3 a factor of 1967583?
True
Is 9953557 a multiple of 1103?
False
Is 107775069 a multiple of 468?
False
Is 55958415 a multiple of 49?
False
Does 1672 divide 158191264?
True
Is 1726 a factor of 3995820?
False
Is 2020 a factor of 309920602?
False
Is 20 a factor of 273611540?
True
Does 18 divide 2312660849?
False
Is 1057 a factor of 3423284?
False
Is 17341870 a multiple of 295?
True
Is 579 a factor of 9462018?
True
Is 11 a factor of 995917521?
False
Is 330006768 a multiple of 273?
True
Does 30 divide 517622178?
False
Is 176 a factor of 289398560?
True
Does 973 divide 199558189?
False
Is 263 a factor of 1853953248?
False
Does 3 divide 71915333?
False
Does 37 divide 6297431?
False
Is 20 a factor of 825466680?
True
Is 376061292 a multiple of 58?
False
Does 479 divide 763604874?
False
Is 136653318 a multiple of 162?
True
Does 16 divide 220564281?
False
Is 38573782 a multiple of 29?
False
Does 32 divide 33564044?
False
Does 4041 divide 28308284?
False
Is 11368512 a multiple of 102?
True
Is 226845232 a multiple of 85?
False
Is 2395 a factor of 1887868330?
True
Is 6160 a factor of 1350247360?
True
Does 1762 divide 78095313?
False
Is 1950 a factor of 1122757924?
False
Is 17 a factor of 10890965?
True
Is 60 a factor of 1595532300?
True
Does 13 divide 1004929978?
True
Does 24 divide 683321520?
True
Does 260 divide 1533597520?
True
Does 113 divide 23564289?
False
Does 6 divide 38437224?
True
Is 7577075 a multiple of 64?
False
Is 21 a factor of 255160164?
True
Is 52 a factor of 93482937?
False
Is 87847883 a multiple of 39?
False
Is 113455218 a multiple of 474?
True
Is 702177171 a multiple of 5419?
False
Is 29 a factor of 38693424?
True
Does 222 divide 874093879?
False
Does 67 divide 800373914?
False
Is 5108 a factor of 3846371799?
False
Does 3876 divide 1052667336?
True
Does 272 divide 967302072?
False
Is 536 a factor of 22416258?
False
Is 27953786 a multiple of 16?
False
Is 100304293 a multiple of 4783?
True
Does 147 divide 15959055?
True
Is 2452 a factor of 3753408808?
True
Is 144435 a multiple of 8?
False
Is 837 a factor of 462876066?
True
Is 47 a factor of 17601218?
True
Does 1141 divide 12301121?
True
Is 7373471 a multiple of 37?
True
Is 2700 a factor of 719513356?
False
Is 5336 a factor of 879517504?
False
Does 3 divide 145607274?
True
Is 1030347017 a multiple of 12?
False
Does 87 divide 67082971?
False
Does 9 divide 94191741?
True
Does 372 divide 77082120?
True
Is 501198891 a multiple of 131?
False
Is 209002469 a multiple of 36?
False
Is 39378510 a multiple of 241?
False
Does 5 divide 573562565?
True
Is 1633 a factor of 1959790658?
False
Does 37 divide 184036941?
False
Is 55557044 a multiple of 4?
True
Does 1078 divide 140646660?
True
Does 257 divide 19708559?
True
Does 14 divide 870033260?
False
Is 1885966866 a multiple of 12179?
True
Does 3803 divide 9884605?
False
Does 1192 divide 44528352?
True
Is 21 a factor of 89339110?
False
Does 32 divide 10107456?
True
Is 10 a factor of 1449444358?
False
Is 9 a factor of 18896013?
True
Is 6888542767 a multiple of 31?
True
Is 129 a factor of 7337390?
False
Is 50376480 a multiple of 319?
True
Is 28133968 a multiple of 1424?
True
Does 11 divide 4544507?
True
Is 20131154 a multiple of 20?
False
Does 788 divide 327025393?
False
Is 47085220 a multiple of 287?
True
Is 133353450 a multiple of 870?
False
Is 188 a factor of 88386508?
True
Does 118 divide 6311907?
False
Is 5 a factor of 10568935?
True
Is 373211298 a multiple of 906?
True
Is 4362 a factor of 1242210360?
True
Is 19204937 a multiple of 3572?
False
Is 528462104 a multiple of 551?
False
Is 202147365 a multiple of 83?
False
Does 4939 divide 169759393?
False
Does 1660 divide 80646638?
False
Is 4178 a factor of 273470194?
False
Is 256355260 a multiple of 60?
False
Is 335733552 a multiple of 24?
True
Is 120263229 a multiple of 27?
False
Does 993 divide 6928951?
False
Is 37 a factor of 17911183?
False
Does 794 divide 11401046?
True
Is 38810301 a multiple of 519?
True
Is 14 a factor of 3145825?
False
Does 11 divide 176861266?
False
Is 4311 a factor of 391774446?
False
Is 5 a factor of 1153782010?
True
Is 1157487 a multiple of 2?
False
Is 59096834 a multiple of 2308?
False
Is 16 a factor of 9664544?
True
Does 13 divide 1741340302?
True
Is 40 a factor of 1549777400?
True
Is 81983400 a multiple of 333?
False
Is 131 a factor of 1340403790?
True
Is 592794587 a multiple of 30?
False
Is 31593572 a multiple of 17?
False
Does 9 divide 256121403?
False
Is 103205266 a multiple of 34?
True
Is 26 a factor of 47002124?
True
Is 166 a factor of 407792612?
True
Is 550056825 a multiple of 1971?
True
Is 4530426315 a multiple of 23?
False
Is 2675628214 a multiple of 9?
False
Is 4893336 a multiple of 24?
True
Is 915176592 a multiple of 1494?
True
Does 32 divide 266019126?
False
Is 20943108 a multiple of 22?
False
Is 1483 a factor of 14418382?
False
Is 17 a factor of 8897527?
False
Is 1800947 a multiple of 22?
False
Is 246646144 a multiple of 148?
True
Is 280783608 a multiple of 4431?
True
Does 340 divide 66746420?
True
Is 1937 a factor of 6994507?
True
Is 210 a factor of 502759320?
True
Does 425 divide 192701800?
True
Is 1482831844 a multiple of 40?
False
Is 15 a factor of 1582237778?
False
Is 2501847 a multiple of 67?
True
Is 10054824 a multiple of 13?
True
Is 459 a factor of 162849074?
False
Does 16 divide 43739056?
True
Is 46947888 a multiple of 117?
True
Is 178 a factor of 128876984?
True
Is 99582210 a multiple of 1323